2, what is 3 - -66?
69
In base 6, what is -40013 - -5?
-40004
In base 6, what is 11 - 5?
2
In base 3, what is -2 + 120121?
120112
In base 11, what is -1283 - -5?
-1279
In base 13, what is -1 - -2cc?
2cb
In base 11, what is -113 - 0?
-113
In base 15, what is b - -52?
5d
In base 6, what is 12015 - -4?
12023
In base 14, what is -1597 + -1?
-1598
In base 15, what is -3 + c?
9
In base 13, what is a + -a?
0
In base 8, what is -321 - 2?
-323
In base 7, what is 0 + -121?
-121
In base 7, what is -421 - 3?
-424
In base 2, what is -10 - -1000000111?
1000000101
In base 8, what is 1 - -10?
11
In base 7, what is 145 - 3?
142
In base 6, what is 1 + 23?
24
In base 5, what is -2213 - -11?
-2202
In base 2, what is 1 - -101110101010?
101110101011
In base 14, what is 2 - -229c?
22a0
In base 8, what is 731 + 5?
736
In base 6, what is -4005 + 2?
-4003
In base 6, what is -113 - -110?
-3
In base 13, what is -57a + 3?
-577
In base 13, what is a5 + 44?
119
In base 7, what is -42 - -4?
-35
In base 3, what is 0 + 11210?
11210
In base 15, what is 3 - 17?
-14
In base 6, what is 0 - -344?
344
In base 8, what is 3 - 43?
-40
In base 11, what is -5 - -4a?
45
In base 16, what is -5 - 24?
-29
In base 9, what is -2 - -205?
203
In base 12, what is 136 - 23?
113
In base 3, what is -1 - 10010012?
-10010020
In base 2, what is -100000101111 + 111?
-100000101000
In base 12, what is 16 + 3?
19
In base 5, what is -313 + 130?
-133
In base 12, what is -20 + -27?
-47
In base 3, what is 1201 + -101?
1100
In base 14, what is 60 + -2?
5c
In base 6, what is 13 + -1440?
-1423
In base 6, what is 5 + -2430?
-2421
In base 11, what is 2 - -18?
1a
In base 13, what is -1bb + 4?
-1b7
In base 14, what is -5 + -1a?
-21
In base 4, what is 11 + 1?
12
In base 8, what is 110 + 0?
110
In base 3, what is -20022 - -1002?
-12020
In base 8, what is -15 + -67?
-104
In base 11, what is 66 + 8?
73
In base 10, what is 364 + -3?
361
In base 5, what is 0 - -43?
43
In base 7, what is 12 - -51?
63
In base 9, what is -1 - 58?
-60
In base 14, what is -1 + 238?
237
In base 11, what is 148 + 198?
335
In base 13, what is -1069 - 2?
-106b
In base 4, what is -131 + -1112?
-1303
In base 10, what is -9325 + 1?
-9324
In base 12, what is -5546 + -6?
-5550
In base 9, what is 180 + -42?
137
In base 5, what is 1241 + 1?
1242
In base 8, what is -143 - 0?
-143
In base 11, what is 63 - 26?
38
In base 15, what is 621 + -4?
61c
In base 11, what is -3 + 273?
270
In base 10, what is -52 - 19?
-71
In base 10, what is 3 + -1607?
-1604
In base 14, what is -51 - 2?
-53
In base 7, what is -2 - -101?
66
In base 14, what is -4 - -52?
4c
In base 16, what is -4 + e?
a
In base 15, what is -7 - b1?
-b8
In base 12, what is 5 - -4?
9
In base 3, what is -11 + -21022112?
-21022200
In base 12, what is 5 - 43?
-3a
In base 4, what is 1031 - -12330?
20021
In base 11, what is -998 - 5?
-9a2
In base 7, what is -61 + 6?
-52
In base 13, what is -94 + -4?
-98
In base 13, what is -182 + -5?
-187
In base 9, what is -3 + -137?
-141
In base 12, what is 7a + -5?
75
In base 10, what is -20909 + 3?
-20906
In base 14, what is -1 - -2dc?
2db
In base 9, what is -1242 - 16?
-1258
In base 15, what is -1 + 0?
-1
In base 8, what is 1642 + 7?
1651
In base 7, what is 545 - -5?
553
In base 8, what is -77 - -27?
-50
In base 4, what is -222001 + 0?
-222001
In base 10, what is -114 - 10?
-124
In base 15, what is -4 - -12c?
128
In base 14, what is 8ac - 5?
8a7
In base 13, what is -60 - 13?
-73
In base 16, what is 5 - -6?
b
In base 8, what is -11 + -5?
-16
In base 2, what is -101 + -1001?
-1110
In base 6, what is 35 + -2?
33
In base 16, what is 723 + 1?
724
In base 16, what is -1 - -56c?
56b
In base 8, what is 2503 - -2?
2505
In base 11, what is -53 - -28?
-26
In base 10, what is 4 - -1446?
1450
In base 3, what is 212 - 2112?
-1200
In base 5, what is 0 - -131?
131
In base 4, what is -111 + -10?
-121
In base 11, what is 39 + 1?
3a
In base 12, what is -7 + 8?
1
In base 16, what is 1 + -70?
-6f
In base 12, what is 29 - -3?
30
In base 4, what is 103001 - -10?
103011
In base 15, what is -16 + e6?
d0
In base 15, what is 4 - c63?
-c5e
In base 11, what is 2 - 46?
-44
In base 12, what is 0 - 236?
-236
In base 12, what is -2bb - 5?
-304
In base 6, what is 2 + -125?
-123
In base 7, what is -21 - -5?
-13
In base 2, what is -111 + 1111?
1000
In base 4, what is -2 - 1201?
-1203
In base 10, what is 3 - 329?
-326
In base 9, what is 4 - -1058?
1063
In base 16, what is -50 + -5?
-55
In base 14, what is 1 + 554?
555
In base 7, what is 1 - -4144?
4145
In base 15, what is bb - 0?
bb
In base 16, what is 139 - 1?
138
In base 4, what is 232333 + -3?
232330
In base 12, what is 1857 + 3?
185a
In base 15, what is -d0 - 2?
-d2
In base 14, what is 60 - 28?
36
In base 4, what is 121321 + 0?
121321
In base 15, what is 33 + -59?
-26
In base 8, what is 5 - -104?
111
In base 5, what is 10 + 1311?
1321
In base 2, what is 101 + -11111001?
-11110100
In base 2, what is 11110011 - -110?
11111001
In base 10, what is -556 - 0?
-556
In base 9, what is 124 - 8?
115
In base 2, what is 1101101010 - -1000?
1101110010
In base 6, what is -21 - -12043?
12022
In base 15, what is -2 + 19e?
19c
In base 2, what is -10110100 + 11110?
-10010110
In base 3, what is -11 - -1?
-10
In base 15, what is -11 - -3e?
2d
In base 5, what is 22 - -13332?
13404
In base 2, what is 10 - -10011011?
10011101
In base 3, what is 102 - 12002?
-11200
In base 16, what is 4 - -339?
33d
In base 4, what is -3 - 2030?
-2033
In base 10, what is 1 - -1691?
1692
In base 15, what is -3b0 - 0?
-3b0
In base 12, what is -2 - -ba9?
ba7
In base 9, what is 1 + -481?
-480
In base 10, what is -4 + 26?
22
In base 7, what is 15532 - 5?
15524
In base 2, what is 101 + -100011010?
-100010101
In base 15, what is -1 + -41?
-42
In base 6, what is 1314 + -22?
1252
In base 14, what is -5 + b?
6
In base 3, what is 2 - 2001?
-1222
In base 10, what is -6 - -34?
28
In base 16, what is -2213 - -1?
-2212
In base 6, what is -155 + -1133?
-1332
In base 11, what is 1 + 18?
19
In base 7, what is 114 - -13?
130
In base 10, what is -55 + -2?
-57
In base 3, what is 1100110 - -21?
1100201
In base 10, what is 4 + 41?
45
In base 7, what is -2 - -335?
333
In base 4, what is 11 - -230?
301
In base 10, what is -445 + -5?
-450
In base 9, what is -4 - -346?
342
In base 10, what is 12 + -40?
-28
In base 8, what is -13 - 22?
-35
In base 8, what is -546 - -2?
-544
In base 13, what is -b656 + 1?
-b655
In base 4, what is -1 - 311?
-312
In base 8, what is 67 - -27?
116
In base 16, what is -1 + -45?
-46
In base 3, what is -11 + 1000001?
222220
In base 7, what is 1324 - -6?
1333
In base 6, what is 450 - -3?
453
In base 5, what is 10 - 11043?
-11033
In base 8, what is 332 + 4?
336
In base 3, what is 201112 + -2222?
121120
In base 6, what is -44041 + 3?
-44034
In base 6, what is -31 - -25?
-2
In base 8, what is -62 - 7?
-71
In base 4, what is 31130 - -1?
31131
In base 9, what is 8 + 1063?
1072
In base 16, what is -3 - -59?
56
In base 15, what is 4 - 19?
-15
In base 6, what is -10 + 100?
50
In base 6, what is -53 - 254?
-351
In base 5, what is -1 + -3113?
-3114
In base 2, what is -1101110 + -11?
-1110001
In base 6, what is 15215 - -3?
15222
In base 9, what is -3 - -22?
18
In base 13, what is 1700 + -3?
16ca
In base 4, what is 2 - -12?
20
In base 13, what is -200 - 3?
-203
In base 8, what is 2161 + 5?
2166
In base 9, what is -4 + 1055?
1051
In base 5, what is 40 - -2?
42
In base 5, what is 11 - 2343?
-2332
In base 6, what is 24 - -1025?
1053
In base 16, what is 5a - -3?
5d
In base 14, what is 4 + 19?
1d
In base 11, what is 100 - 2?
a9
In base 14, what is 0 - -386?
386
In base 3, what is -21222 + -12?
-22011
In base 14, what is -a + 1d?
13
In base 14, what is -4 - -305?
301
In base 6, what is 15 - 5?
10
In base 10, what is 474 - -5?
479
In base 8, what is 2 - 660?
-656
In base 15, what is 9 + -1?
8
In base 15, what is 82 + 5?
87
In base 6, what is 3 - 14?
-11
In base 12, what is 72 + 8?
7a
In base 11, what is -31a + 2?
-318
In base 4, what is 120132 - 1?
120131
In base 10, what is 150 + -9?
141
In base 4, what is 2202020 + 11?
2202031
In base 8, what is -71 - 3?
-74
In base 3, what is 0 + -1122221?
-1122221
In base 9, what is 2 - -84?
86
In base 12, what is -246 - 6?
-250
In base 16, what is -526 + -3?
-529
In base 4